ultiple of 237?
True
Does 106 divide 269240?
True
Does 112 divide 28910?
False
Does 14 divide 107016?
True
Does 463 divide 12871863?
True
Is 1573242 a multiple of 66?
True
Is 938 a factor of 3288628?
True
Is 1772130 a multiple of 6?
True
Is 14 a factor of 137296?
False
Is 321210 a multiple of 4?
False
Is 447 a factor of 3265782?
True
Does 6 divide 18917993?
False
Is 46900 a multiple of 35?
True
Is 32 a factor of 78870?
False
Is 8997216 a multiple of 17?
True
Is 4760 a multiple of 35?
True
Does 25 divide 2950325?
True
Does 35 divide 639499?
False
Is 2477100 a multiple of 276?
True
Is 44367 a multiple of 4?
False
Is 1065 a factor of 7372850?
False
Is 191 a factor of 177630?
True
Does 55 divide 1266265?
True
Is 80 a factor of 3401528?
False
Does 241 divide 1922758?
False
Does 9 divide 2665403?
False
Is 2270 a factor of 4158640?
True
Is 366 a factor of 6489912?
True
Does 20 divide 320580?
True
Does 69 divide 72864?
True
Is 960 a factor of 11296922?
False
Is 2823 even?
False
Is 233982 a multiple of 189?
True
Does 25 divide 392835?
False
Is 18234 a multiple of 19?
False
Does 35 divide 1346625?
True
Is 2362157 a multiple of 19?
False
Does 38 divide 10916763?
False
Is 143150 a multiple of 138?
False
Is 419848 a multiple of 15?
False
Is 3698264 a multiple of 226?
True
Is 92 a factor of 492600?
False
Does 37 divide 100357?
False
Is 21 a factor of 2384046?
True
Is 9 a factor of 43367?
False
Is 61 a factor of 463722?
True
Does 19 divide 11140593?
True
Is 440 a factor of 6872800?
True
Is 5490867 a multiple of 174?
False
Is 6054214 a multiple of 470?
False
Is 1045586 a multiple of 874?
False
Is 33821 a multiple of 9?
False
Does 1695 divide 2723865?
True
Does 5 divide 4815048?
False
Does 13 divide 149143?
False
Does 303 divide 131037?
False
Is 118212 a multiple of 12?
True
Does 42 divide 1245132?
True
Does 375 divide 1299098?
False
Is 9105 a multiple of 99?
False
Is 78 a factor of 2536482?
True
Is 603 a factor of 450441?
True
Is 197 a factor of 398728?
True
Is 101 a factor of 583400?
False
Is 1591294 a multiple of 108?
False
Does 12 divide 1192933?
False
Is 7976778 a multiple of 6?
True
Does 542 divide 4459018?
False
Is 100 a factor of 860400?
True
Does 35 divide 4717095?
False
Is 151 a factor of 1164663?
True
Is 4239774 a multiple of 759?
True
Does 57 divide 1060941?
True
Is 3117 a multiple of 19?
False
Is 6 a factor of 264912?
True
Is 19652 a multiple of 289?
True
Does 15 divide 36499?
False
Does 684 divide 5348196?
True
Is 149 a factor of 3151499?
True
Does 28 divide 979650?
False
Is 340 a factor of 6582418?
False
Does 411 divide 1544949?
True
Does 11 divide 1105389?
False
Is 180 a factor of 3678922?
False
Does 66 divide 17344?
False
Is 77 a factor of 160877?
False
Does 7 divide 33518?
False
Is 40 a factor of 7038200?
True
Is 479142 a multiple of 54?
True
Is 22110727 a multiple of 17?
True
Is 36 a factor of 155723?
False
Is 80 a factor of 1535035?
False
Does 23 divide 721096?
True
Is 317 a factor of 929017?
False
Is 8 a factor of 214645?
False
Is 296 a factor of 45303?
False
Does 19 divide 3414?
False
Is 66 a factor of 67489?
False
Is 4 a factor of 7042?
False
Is 3 a factor of 38475?
True
Does 6 divide 3406602?
True
Does 29 divide 1504046?
False
Is 96068 a multiple of 47?
True
Is 62992 a multiple of 127?
True
Is 49 a factor of 386999?
False
Is 915537 a multiple of 21?
True
Is 9919994 a multiple of 1282?
False
Is 730175 a multiple of 8?
False
Is 32 a factor of 2738646?
False
Does 15 divide 3613950?
True
Is 133510 a multiple of 19?
False
Does 102 divide 3860580?
False
Is 120432 a multiple of 24?
True
Is 433755 a multiple of 945?
True
Is 103086 a multiple of 340?
False
Is 928081 a multiple of 135?
False
Is 189 a factor of 150633?
True
Is 5 a factor of 432966?
False
Is 399765 a multiple of 861?
False
Is 1060 a factor of 10286597?
False
Is 808 a factor of 6618905?
False
Is 3264372 a multiple of 36?
True
Is 4093472 a multiple of 32?
True
Is 281 a factor of 759516?
False
Is 8986768 a multiple of 112?
True
Does 6 divide 602788?
False
Is 2482304 a multiple of 86?
True
Is 35 a factor of 1531425?
True
Is 272824 a multiple of 268?
True
Is 322788 a multiple of 357?
False
Does 39 divide 23956?
False
Does 97 divide 4980950?
True
Does 32 divide 37581?
False
Is 146769 a multiple of 25?
False
Is 116357 a multiple of 18?
False
Is 3750838 a multiple of 13?
True
Is 11 a factor of 1202383?
False
Does 798 divide 73078?
False
Is 1004289 a multiple of 39?
True
Is 8242028 a multiple of 13?
False
Does 118 divide 47672?
True
Does 4 divide 38292?
True
Is 45 a factor of 188730?
True
Is 56872 a multiple of 34?
False
Is 103 a factor of 616404?
False
Does 281 divide 2517760?
True
Does 148 divide 1268508?
True
Is 409 a factor of 311249?
True
Is 1045771 a multiple of 83?
False
Is 6 a factor of 246444?
True
Does 8 divide 203489?
False
Is 13 a factor of 1820624?
True
Is 926019 a multiple of 349?
False
Is 6229276 a multiple of 34?
True
Is 5 a factor of 244223?
False
Is 1376069 even?
False
Is 671060 a multiple of 145?
True
Does 3 divide 44102?
False
Is 596 a factor of 280650?
False
Is 667948 a multiple of 39?
False
Is 96 a factor of 648864?
True
Is 51919 a multiple of 2?
False
Is 24120 a multiple of 402?
True
Does 328 divide 1548160?
True
Does 62 divide 777633?
False
Does 104 divide 245502?
False
Is 280374 a multiple of 9?
False
Is 89100 a multiple of 54?
True
Is 161249 a multiple of 13?
False
Is 104446 a multiple of 3?
False
Is 159 a factor of 24168?
True
Does 16 divide 119201?
False
Is 346 a factor of 11338?
False
Is 68712 a multiple of 42?
True
Does 175 divide 869522?
False
Is 43 a factor of 1319498?
True
Is 5244939 a multiple of 23?
False
Does 157 divide 94514?
True
Is 83 a factor of 187515?
False
Is 1518 a multiple of 13?
False
Is 70605 a multiple of 26?
False
Does 9 divide 3842298?
True
Does 12 divide 393162?
False
Is 26 a factor of 248132?
False
Is 75 a factor of 1924950?
True
Is 28 a factor of 649880?
True
Does 80 divide 803440?
True
Is 1472109 a multiple of 145?
False
Does 8 divide 8455?
False
Is 1056384 a multiple of 36?
True
Is 4 a factor of 533326?
False
Is 699968 a multiple of 16?
True
Does 7 divide 92056?
False
Is 599411 a multiple of 189?
False
Does 107 divide 58033?
False
Is 226592 a multiple of 16?
True
Is 71644 a multiple of 78?
False
Is 834499 a multiple of 9?
False
Is 5314729 a multiple of 791?
True
Is 8 a factor of 18391678?
False
Is 22 a factor of 846867?
False
Is 921 a factor of 2058992?
False
Does 29 divide 33234?
True
Does 55 divide 210363?
False
Does 13 divide 9805913?
True
Is 127701 a multiple of 48?
False
Does 51 divide 298605?
True
Is 321 a factor of 708512?
False
Is 1808290 a multiple of 3?
False
Does 120 divide 5675686?
False
Is 62 a factor of 2901805?
False
Is 81 a factor of 138147?
False
Does 30 divide 21113383?
False
Does 34 divide 1791528?
True
Does 21 divide 513335?
False
Is 11438 a multiple of 2?
True
Is 174 a factor of 9744?
True
Does 101 divide 1418848?
True
Does 51 divide 1253886?
True
Does 36 divide 42342?
False
Does 562 divide 6428718?
True
Is 185712 even?
True
Is 14 a factor of 4127173?
False
Does 191 divide 563259?
True
Is 538962 a multiple of 146?
False
Does 45 divide 12351511?
False
Is 1364330 a multiple of 110?
True
Is 211035 a multiple of 12?
False
Is 44993 a multiple of 128?
False
Is 261093 a multiple of 357?
False
Is 282983 a multiple of 8?
False
Is 6096995 a multiple of 190?
False
Is 47 a factor of 1610460?
False
Does 20 divide 1236784?
False
Is 413 a factor of 98564?
False
Is 8 a factor of 406968?
True
Does 2 divide 2923734?
True
Is 1356 a factor of 4337844?
True
Is 123768 a multiple of 153?
False
Is 973427 a multiple of 13?
True
Does 58 divide 8666261?
False
Does 27 divide 966671?
False
Does 3 divide 32657?
False
Is 12600 a multiple of 350?
True
Is 976095 a multiple of 199?
True
Is 9165149 a multiple of 16?
False
Is 32278 a multiple of 143?
False
Is 8 a factor of 666224?
True
Is 33 a factor of 988086?
True
Is 137 a factor of 29455?
True
Is 45 a factor of 7621920?
True
Is 13 a factor of 4923061?
True
Does 6 divide 9228?
True
Is 42 a factor of 12214?
False
Does 6 divide 722136?
True
Is 28 a factor of 3043057?
False
Does 89 divide 35285741?
True
Does 162 divide 1306493?
False
Is 61606 a multiple of 19?
False
Does 15 divide 182265?
True
Is 